se 13, what is 18 + -87?
-6c
In base 4, what is 333 + -3?
330
In base 9, what is 206 - -3?
210
In base 15, what is -59 + 31?
-28
In base 14, what is -20 - 7?
-27
In base 15, what is cd - -28?
106
In base 5, what is 24320 + -3?
24312
In base 10, what is 5 - 119?
-114
In base 9, what is -3 + 2152?
2148
In base 15, what is -2 - 310?
-312
In base 2, what is -1010110 - -1?
-1010101
In base 10, what is 117 - -4?
121
In base 14, what is 5 + 935?
93a
In base 15, what is 3 - 14?
-11
In base 2, what is 10001100 + 101?
10010001
In base 16, what is 3 + -20?
-1d
In base 9, what is -30 - -48?
18
In base 2, what is -110010 - 110010?
-1100100
In base 13, what is 0 + 78?
78
In base 8, what is 15 + -53?
-36
In base 15, what is 3 - 4e?
-4b
In base 14, what is 13 + 3?
16
In base 16, what is a1 - 0?
a1
In base 11, what is -125 - -a0?
-35
In base 8, what is 4 + 33?
37
In base 10, what is -1 - 44?
-45
In base 13, what is 2 + 320?
322
In base 3, what is 202012 - 10?
202002
In base 6, what is 1 - 5534?
-5533
In base 9, what is 1622 + -4?
1617
In base 16, what is 1aba + 1?
1abb
In base 11, what is 2a5 - 0?
2a5
In base 11, what is -5 - -118?
113
In base 16, what is 166 + -a?
15c
In base 4, what is -2130 - -11?
-2113
In base 12, what is -6 - 2?
-8
In base 3, what is 11 - -1121?
1202
In base 3, what is -101 - 12?
-120
In base 5, what is -22 + -14?
-41
In base 9, what is -2 - -348?
346
In base 2, what is -11 + 11100100?
11100001
In base 4, what is -13 - 3133?
-3212
In base 10, what is -288 - -1?
-287
In base 10, what is -5 - -195?
190
In base 4, what is 12 - -21023?
21101
In base 3, what is 2021 + 111120?
120211
In base 12, what is -1 + -758?
-759
In base 4, what is 300 + 10?
310
In base 4, what is 1210 + -1?
1203
In base 7, what is -10513 + 4?
-10506
In base 2, what is 110001111101 - -100?
110010000001
In base 10, what is 16 + -91?
-75
In base 14, what is -3 + 65?
62
In base 14, what is -6 - -10?
8
In base 3, what is -102122 - -11?
-102111
In base 14, what is -6 - -ac7?
ac1
In base 11, what is 5970 - 3?
5968
In base 16, what is -3e + -10?
-4e
In base 10, what is 22 + -55?
-33
In base 12, what is 3 - -991?
994
In base 2, what is 101 + 111001110100?
111001111001
In base 15, what is -2e6 + 1?
-2e5
In base 3, what is 12 - -12?
101
In base 4, what is 1131 + -1012?
113
In base 14, what is 86a + 3?
86d
In base 15, what is -1ab - -3?
-1a8
In base 16, what is -139c - -2?
-139a
In base 14, what is 4 - -d9?
dd
In base 3, what is 2 + -212?
-210
In base 6, what is 0 + -523?
-523
In base 6, what is -132 + 10?
-122
In base 2, what is 0 + 1001101111?
1001101111
In base 14, what is 45cd - 3?
45ca
In base 6, what is 0 + 502?
502
In base 13, what is 1a + 13b?
158
In base 15, what is 3 - -136?
139
In base 6, what is 1141 - 4?
1133
In base 2, what is 10 + -1101110110100?
-1101110110010
In base 10, what is -17 + -261?
-278
In base 10, what is -5 + 7118?
7113
In base 16, what is 4 - -45?
49
In base 8, what is -1 + -6?
-7
In base 7, what is -133 - 24?
-160
In base 15, what is 1b36 + -4?
1b32
In base 3, what is 0 + -10011012?
-10011012
In base 11, what is -3926 - -5?
-3921
In base 8, what is 42 + -26?
14
In base 16, what is 149 - -3?
14c
In base 8, what is -7577 + -1?
-7600
In base 10, what is -31 + 4?
-27
In base 13, what is -2 + -5?
-7
In base 15, what is -b2 - -2?
-b0
In base 5, what is -20 + 130?
110
In base 11, what is 10262 + 5?
10267
In base 6, what is 2215 + -10?
2205
In base 7, what is 503 - 0?
503
In base 16, what is 5 + -4b?
-46
In base 14, what is 84 - -9b?
141
In base 11, what is 1418 - 3?
1415
In base 11, what is 6 + -49?
-43
In base 15, what is -16e + -5?
-174
In base 4, what is 0 + 13232?
13232
In base 11, what is 3 + 92?
95
In base 2, what is -1001111110100 + 10?
-1001111110010
In base 4, what is -22 - 13100?
-13122
In base 2, what is 111000 + 10011110?
11010110
In base 15, what is 1 - -1?
2
In base 6, what is 0 + 31?
31
In base 16, what is 109f + 0?
109f
In base 9, what is -3034 - 2?
-3036
In base 2, what is 0 - 101100?
-101100
In base 12, what is -5 + 5?
0
In base 15, what is 3 - 35c?
-359
In base 2, what is 1001011 + -1111?
111100
In base 4, what is -2 + 30221?
30213
In base 2, what is 10001100 - 11?
10001001
In base 3, what is -22111 - 20?
-22201
In base 9, what is 55 - 3?
52
In base 16, what is -14 + 2f?
1b
In base 16, what is 91 + 19?
aa
In base 8, what is 6 - 325?
-317
In base 11, what is -5 - 110?
-115
In base 14, what is -81 + 3a?
-45
In base 11, what is -10 - 220?
-230
In base 12, what is 174 + -4?
170
In base 2, what is -1001110000 - 101?
-1001110101
In base 9, what is 3 - -253?
256
In base 9, what is -30 + -447?
-477
In base 2, what is 101010 + 1000?
110010
In base 10, what is 12 - -2?
14
In base 4, what is -2 + -2?
-10
In base 4, what is 1001 - -2?
1003
In base 6, what is 24 + 4?
32
In base 5, what is 1042 + -3?
1034
In base 6, what is -3 + -1240?
-1243
In base 10, what is -8 + -170?
-178
In base 13, what is 1 + -c0?
-bc
In base 3, what is -220 + 112101?
111111
In base 14, what is -1 - 108?
-109
In base 4, what is 2 + 330?
332
In base 8, what is 4 - 471?
-465
In base 16, what is -10 + -e0?
-f0
In base 11, what is -93a + -4?
-943
In base 7, what is -5 + 1152?
1144
In base 12, what is 37 - 3?
34
In base 15, what is 5c + 10?
6c
In base 11, what is 3 + -492?
-48a
In base 6, what is 0 + -230?
-230
In base 2, what is 10 - 1111010011?
-1111010001
In base 3, what is 0 + -102110?
-102110
In base 7, what is -224 - -4?
-220
In base 11, what is 3 + 8a?
92
In base 11, what is -1 - -1a0?
19a
In base 6, what is 2 + 22000?
22002
In base 7, what is -341 - -66?
-242
In base 15, what is 9 - a9?
-a0
In base 8, what is -350 - 20?
-370
In base 11, what is -2 + -99?
-a0
In base 11, what is -18 - 47?
-64
In base 14, what is 965 - -3?
968
In base 15, what is -1351 - -5?
-134b
In base 12, what is 13 - 4?
b
In base 7, what is 434 - 0?
434
In base 10, what is -26 + 2?
-24
In base 10, what is 0 - 3570?
-3570
In base 5, what is -4 + -1104?
-1113
In base 4, what is -3202 + 0?
-3202
In base 5, what is 43 + -23?
20
In base 8, what is 15 - 1156?
-1141
In base 11, what is 39 + 165?
1a3
In base 3, what is 10122 + 2?
10201
In base 14, what is 1d - 1a?
3
In base 7, what is 4 - 243?
-236
In base 11, what is -5 - -1493?
1489
In base 14, what is 2 + bc?
c0
In base 12, what is -202 - -1?
-201
In base 8, what is 241 - -2?
243
In base 10, what is 1 + -9?
-8
In base 11, what is -5 + -450?
-455
In base 12, what is 2 - -86?
88
In base 6, what is 5 - -545?
554
In base 8, what is 346 - -5?
353
In base 7, what is 42 - 25?
14
In base 8, what is 116 - -2?
120
In base 12, what is 15 - -2a?
43
In base 16, what is 0 + -b09?
-b09
In base 9, what is 12 - -25?
37
In base 14, what is 11 - -112?
123
In base 3, what is 2 + -11100?
-11021
In base 13, what is -6 - -34?
2b
In base 3, what is -1022212 + 21?
-1022121
In base 6, what is -1012 - 40?
-1052
In base 7, what is 13 - 45?
-32
In base 6, what is -332 - -1?
-331
In base 15, what is 36 - d?
28
In base 10, what is -1840 - -5?
-1835
In base 6, what is 4 - 13?
-5
In base 10, what is -5 + -113?
-118
In base 14, what is -1 + a2?
a1
In base 14, what is 4 + ca?
d0
In base 7, what is -6 + -24?
-33
In base 12, what is 2322 + -1?
2321
In base 2, what is -1 + 11100?
11011
In base 12, what is -5 + b4?
ab
In base 14, what is 21a2 + 3?
21a5
In base 2, what is -10110101110100 - 10?
-10110101110110
In base 3, what is 11100 + 12?
11112
In base 8, what is -4 + -64?
-70
In base 14, what is -4 - 265b?
-2661
In base 11, what is -4960 + -2?
-4962
In base 5, what is -10 - 10000?
-10010
In base 11, what is 4 - 21?
-18
In base 11, what is 20 - 17?
4
In base 13, what is 1b6 + -2?
1b4
In base 13, what is -4 - -cb0?
ca9
In base 2, what is 11010 + 10001010?
10100100
In base 10, what is -26 - -5?
-21
In base 11, what is -658 + -1a?
-677
In base 3, what is 111021 + -10?
111011
In base 16, what is -21 + 31a?
2f9
In base 8, what is -6 + -2234?
-2242
In base 8, what is -6 - -102?
74
In base 10, what is 40 + 1?
41
In base 9, what is -17 - 261?
-278
In base 13, what is -4 + 119?
115
In base 5, what is -13411 - 0?
-13411
In base 9, what is 5 - -1284?
1300
In base 6, what is 4 - -2003?
2011
In base 10, what is -6 + 108?
102
In base 4, what is 1311 + -2?
1303
In base 3, what is -11012 + -1?
-11020
In base 15,